actors of 202764011.
2677, 75743
List the prime factors of 148970455.
5, 101, 294991
What are the prime factors of 5018739283?
859, 5842537
List the prime factors of 139018798.
2, 641, 108439
What are the prime factors of 77658439?
77658439
List the prime factors of 208347519.
3, 211, 329143
List the prime factors of 676153998.
2, 3, 13, 2889547
What are the prime factors of 400398365?
5, 17, 67, 167, 421
What are the prime factors of 592682877?
3, 65853653
List the prime factors of 314105774.
2, 131, 1198877
What are the prime factors of 42984355?
5, 23, 373777
What are the prime factors of 6046146067?
13, 17, 599, 45673
List the prime factors of 335039948.
2, 79, 1060253
What are the prime factors of 179361?
3, 7, 13, 73
List the prime factors of 670121429.
593, 1130053
List the prime factors of 23226518.
2, 7, 151, 10987
List the prime factors of 2956307095.
5, 7, 31, 197, 13831
List the prime factors of 10156991.
13, 781307
List the prime factors of 567086327.
619, 857, 1069
List the prime factors of 202636503.
3, 59, 263, 1451
List the prime factors of 1909064057.
1909064057
What are the prime factors of 249072328?
2, 401, 77641
What are the prime factors of 5864012646?
2, 3, 30259, 32299
What are the prime factors of 66505997?
66505997
List the prime factors of 1350760706.
2, 31, 547, 39829
List the prime factors of 84262537.
9013, 9349
What are the prime factors of 451683031?
451683031
What are the prime factors of 3495724537?
257, 313, 43457
List the prime factors of 2403264272.
2, 67, 2241851
List the prime factors of 5693336813.
5693336813
What are the prime factors of 551612621?
7, 78801803
What are the prime factors of 689283246?
2, 3, 114880541
What are the prime factors of 348483884?
2, 7, 17, 67, 223
What are the prime factors of 86670463?
11, 23, 67, 5113
What are the prime factors of 19835291?
7, 2833613
What are the prime factors of 16616813?
1187, 13999
What are the prime factors of 59015371?
191, 251, 1231
What are the prime factors of 2797575055?
5, 11, 43, 53, 2029
List the prime factors of 46571767.
11, 29, 67, 2179
What are the prime factors of 1261525925?
5, 11, 41, 127, 881
What are the prime factors of 313811394?
2, 3, 13, 4023223
What are the prime factors of 2410319529?
3, 267813281
List the prime factors of 253394608.
2, 15837163
List the prime factors of 229349368.
2, 157, 182603
What are the prime factors of 174270549?
3, 149, 389867
List the prime factors of 1054819915.
5, 41, 5145463
What are the prime factors of 587853142?
2, 29, 10135399
What are the prime factors of 203219735?
5, 599, 67853
List the prime factors of 1693504745.
5, 271, 1249819
What are the prime factors of 102691494?
2, 3, 29, 196727
List the prime factors of 25293215.
5, 23, 219941
List the prime factors of 220058709.
3, 13, 5642531
List the prime factors of 425241269.
425241269
List the prime factors of 231387024.
2, 3, 11, 438233
List the prime factors of 439837527.
3, 101, 1451609
List the prime factors of 2594079511.
181, 1031, 13901
List the prime factors of 29851786.
2, 383, 38971
List the prime factors of 66432027.
3, 23, 962783
List the prime factors of 82567718.
2, 67, 109, 5653
List the prime factors of 297080945.
5, 7, 8488027
What are the prime factors of 15921843?
3, 7, 17, 103, 433
List the prime factors of 182851996.
2, 43, 47, 22619
What are the prime factors of 818328581?
7, 116904083
List the prime factors of 123313683.
3, 89, 193, 2393
List the prime factors of 72295101.
3, 17, 131, 3607
List the prime factors of 48340882.
2, 24170441
List the prime factors of 1451095179.
3, 67, 101, 71479
List the prime factors of 2333141735.
5, 23, 20288189
List the prime factors of 517998697.
1117, 463741
What are the prime factors of 52421469?
3, 3391, 5153
List the prime factors of 19043065.
5, 41, 92893
What are the prime factors of 985522511?
277, 3557843
What are the prime factors of 1834506224?
2, 563, 203653
What are the prime factors of 52684027?
11, 73, 65609
What are the prime factors of 140356751?
140356751
List the prime factors of 34689767.
7, 83, 59707
What are the prime factors of 1312996113?
3, 11, 13, 71, 14369
What are the prime factors of 850459490?
2, 5, 73, 79, 14747
List the prime factors of 32392481.
11, 1291, 2281
List the prime factors of 68595689.
68595689
What are the prime factors of 3186185678?
2, 13, 122545603
What are the prime factors of 2309656261?
11, 17, 12351103
List the prime factors of 6077986746.
2, 3, 13, 77922907
List the prime factors of 299246293.
179, 397, 4211
List the prime factors of 676085998.
2, 7, 71, 409, 1663
List the prime factors of 156826229.
7, 29, 137, 5639
List the prime factors of 293978893.
13, 23, 223, 4409
What are the prime factors of 17607245?
5, 41, 85889
List the prime factors of 88930412.
2, 19, 1170137
What are the prime factors of 55328103?
3, 101, 6763
What are the prime factors of 167704397?
7, 23957771
List the prime factors of 917030496.
2, 3, 37, 258173
List the prime factors of 3522818191.
6691, 526501
List the prime factors of 1955570122.
2, 11, 89, 998759
What are the prime factors of 978138653?
14753, 66301
What are the prime factors of 525706029?
3, 31, 349, 5399
What are the prime factors of 12989771?
2161, 6011
What are the prime factors of 263445368?
2, 281, 117191
What are the prime factors of 503827827?
3, 17, 47, 210191
What are the prime factors of 88602907?
293, 302399
What are the prime factors of 130756071?
3, 5303, 8219
What are the prime factors of 1586180155?
5, 7, 17, 2665849
What are the prime factors of 7859394886?
2, 7, 37, 179, 12109
List the prime factors of 1214614115.
5, 11, 13, 83, 97, 211
List the prime factors of 2327877067.
29, 1579, 1753
List the prime factors of 259227272.
2, 32403409
What are the prime factors of 395400512?
2, 13, 139, 263
What are the prime factors of 94784365?
5, 13, 211, 6911
List the prime factors of 4140373561.
41, 1543, 65447
List the prime factors of 2608237766.
2, 23, 1997, 28393
What are the prime factors of 4844039?
4844039
What are the prime factors of 184040582?
2, 11, 8365481
List the prime factors of 107259531.
3, 4153, 8609
List the prime factors of 222117692.
2, 2731, 20333
What are the prime factors of 603283032?
2, 3, 11, 253907
What are the prime factors of 239922827?
47, 5104741
List the prime factors of 72822614.
2, 36411307
List the prime factors of 741919656.
2, 3, 1093, 28283
List the prime factors of 149021089.
7, 37, 575371
List the prime factors of 111113201.
111113201
What are the prime factors of 2560326410?
2, 5, 47, 5447503
List the prime factors of 776775334.
2, 73, 113, 197, 239
List the prime factors of 534932027.
7, 197, 387913
What are the prime factors of 352865409?
3, 13, 479, 1453
What are the prime factors of 2007675913?
223, 9003031
What are the prime factors of 3487987219?
41, 85072859
List the prime factors of 24393896.
2, 67, 71, 641
What are the prime factors of 119771725?
5, 19, 252151
What are the prime factors of 617426154?
2, 3, 373, 91961
What are the prime factors of 3245249165?
5, 1567, 414199
List the prime factors of 65006604.
2, 3, 13, 46301
List the prime factors of 60062602.
2, 30031301
What are the prime factors of 456335567?
456335567
List the prime factors of 54022650.
2, 3, 5, 11, 29, 1129
List the prime factors of 5740806818.
2, 2870403409
List the prime factors of 43024921.
67, 642163
What are the prime factors of 11699572?
2, 2924893
List the prime factors of 30368277.
3, 43, 8719
What are the prime factors of 1729474?
2, 864737
List the prime factors of 40731360.
2, 3, 5, 84857
List the prime factors of 330160530.
2, 3, 5, 7, 19, 11821
What are the prime factors of 52016740?
2, 5, 2600837
What are the prime factors of 306107928?
2, 3, 7, 607357
List the prime factors of 1633544975.
5, 2521, 25919
List the prime factors of 354943193.
11, 32267563
What are the prime factors of 36821304?
2, 3, 13, 31, 47
What are the prime factors of 261648405?
3, 5, 769, 7561
What are the prime factors of 298500885?
3, 5, 6633353
List the prime factors of 940151243.
23, 40876141
List the prime factors of 2419844849.
211, 2243, 5113
List the prime factors of 52599440.
2, 5, 657493
List the prime factors of 23021110.
2, 5, 7, 173, 1901
What are the prime factors of